 is -1402131 - 2?
-1402133
In base 3, what is 10220202021 + -1?
10220202020
In base 14, what is b + 27a1c?
27a29
In base 14, what is 597 - -40?
5d7
In base 15, what is 9e8749 + 3?
9e874c
In base 9, what is 3 + 1023454?
1023457
In base 5, what is -3 + 2320001?
2314443
In base 7, what is -1203 + -5114?
-6320
In base 9, what is -1507 + -34?
-1542
In base 9, what is -27 + 330?
302
In base 16, what is -19 - f5bb?
-f5d4
In base 10, what is 10 - -68343?
68353
In base 8, what is -11514 + -5?
-11521
In base 7, what is 222156 - -10?
222166
In base 10, what is -3 - 13616?
-13619
In base 12, what is 1 - 11873?
-11872
In base 16, what is -2 + -41d0?
-41d2
In base 4, what is -1113132 + 220?
-1112312
In base 14, what is 74ad - 1a?
7493
In base 4, what is 30122213 - 30?
30122123
In base 5, what is 1230 - 40?
1140
In base 4, what is 103130221 + 0?
103130221
In base 3, what is -100 + -11000122?
-11000222
In base 15, what is 5 - -c0d5?
c0da
In base 14, what is 7d0c + -10?
7cdc
In base 8, what is 361 + 776?
1357
In base 9, what is -3145 - 236?
-3382
In base 16, what is 7 + -473e?
-4737
In base 9, what is -425 + 544?
118
In base 16, what is 1173 + -1e7?
f8c
In base 7, what is -144105 - -3?
-144102
In base 7, what is 104562 - 30?
104532
In base 10, what is -266 - -2616?
2350
In base 6, what is -2 - 1101315?
-1101321
In base 11, what is 17a054 + 4?
17a058
In base 8, what is 7361164 - -2?
7361166
In base 9, what is -16 - 324264?
-324281
In base 8, what is 1051 + 725?
1776
In base 5, what is -114402 + 13001?
-101401
In base 3, what is -10111211 + 11020?
-10100121
In base 14, what is 2a + -1a9?
-17d
In base 5, what is -10 + -31212232?
-31212242
In base 6, what is -21353 + 5?
-21344
In base 10, what is 126961 + 8?
126969
In base 10, what is 42378 + -1?
42377
In base 15, what is 2a56 - 2?
2a54
In base 11, what is -115 + -363a?
-3754
In base 12, what is 6b - -66a?
719
In base 13, what is 249 + -311?
-95
In base 12, what is -a06 - 836?
-1640
In base 4, what is -3102 - -1203?
-1233
In base 9, what is -6050 + 1?
-6048
In base 5, what is 3 - 13031004?
-13031001
In base 4, what is 1221330 - -10?
1222000
In base 5, what is -3224 + 2330?
-344
In base 2, what is 10000100110 - -10101000101?
100101101011
In base 8, what is -64 + 4057?
3773
In base 15, what is -b + -de1?
-dec
In base 13, what is 3 - -70b0?
70b3
In base 6, what is 102013 - 3?
102010
In base 9, what is 63357 + 2?
63360
In base 16, what is 68f + -28?
667
In base 13, what is -1556 - 66?
-15bc
In base 5, what is 101300 + 1222?
103022
In base 15, what is -3 - cedb?
-cede
In base 3, what is 10 - -1002122121?
1002122201
In base 6, what is 1011142 + 5?
1011151
In base 16, what is 76 - 43?
33
In base 16, what is 9 + 278?
281
In base 10, what is 17 - -19304?
19321
In base 2, what is 10 - 1111000111110100?
-1111000111110010
In base 13, what is -21 - 282?
-2a3
In base 11, what is -8576 - -8?
-8569
In base 15, what is 3b - 672?
-636
In base 13, what is 27c5 - -4c7?
2cbc
In base 16, what is 4 + 4ef6?
4efa
In base 13, what is 9 - 7233?
-7227
In base 16, what is -f54d + -5?
-f552
In base 8, what is -1023335 - 7?
-1023344
In base 15, what is -3ee - -42?
-3ac
In base 5, what is -10 + 132123103?
132123043
In base 5, what is 12311 + -201?
12110
In base 4, what is -13 - -332120?
332101
In base 7, what is -5065546 + -3?
-5065552
In base 16, what is b6b50 - 2?
b6b4e
In base 3, what is 1122 - -1111102010?
1111110202
In base 6, what is -11 + 1151534?
1151523
In base 5, what is -1040 - 143411?
-200001
In base 14, what is aa8 - 16?
a92
In base 8, what is -367 - 10356?
-10745
In base 3, what is -1221000200 + 102?
-1221000021
In base 13, what is 13 - 13938?
-13925
In base 11, what is 38aa + 14?
3913
In base 11, what is -513 + 36a?
-154
In base 2, what is -101011001101101100 - 10?
-101011001101101110
In base 7, what is -61651 + 11?
-61640
In base 7, what is -15466515 - -3?
-15466512
In base 14, what is 459c7 + 9?
459d2
In base 5, what is -30 - -123214310?
123214230
In base 11, what is 70866 + -4?
70862
In base 2, what is -11011111101 - 101?
-11100000010
In base 12, what is 193966 + -2?
193964
In base 6, what is 4 + -501322?
-501314
In base 3, what is -20 + -1022010?
-1022100
In base 14, what is -a1c9d6 + -2?
-a1c9d8
In base 4, what is 2130023 + 0?
2130023
In base 3, what is -21 + -21101210?
-21102001
In base 2, what is 1001001011 - 1000111?
1000000100
In base 2, what is -1100101 + -10111101110?
-11001010011
In base 5, what is -22 + 1044323?
1044301
In base 14, what is 66 - -375?
3db
In base 2, what is -11 - -100001111111?
100001111100
In base 3, what is 21 - 20?
1
In base 8, what is -4 + -32260?
-32264
In base 11, what is 0 - 446310?
-446310
In base 13, what is 19c61 - -4?
19c65
In base 2, what is -100101010111110011 + -100?
-100101010111110111
In base 16, what is -b7 + -646?
-6fd
In base 12, what is 37 + 81?
b8
In base 15, what is -4 - -d77?
d73
In base 9, what is 4761 + -10?
4751
In base 14, what is -6 - 4dac1?
-4dac7
In base 10, what is -2197 + 81?
-2116
In base 9, what is -438 + 1782?
1343
In base 9, what is 112457 - 17?
112440
In base 4, what is 10 + -132210201?
-132210131
In base 7, what is 5631 + 136?
6100
In base 11, what is -1 - 8838?
-8839
In base 2, what is 1011011 - 1100000110?
-1010101011
In base 6, what is 520413 + 3?
520420
In base 8, what is 27371 - -550?
30141
In base 7, what is 24 + -215203?
-215146
In base 8, what is 200416 - -32?
200450
In base 14, what is a44 - -254?
c98
In base 15, what is -1a1a8 - 32?
-1a1da
In base 7, what is -35 + 10353?
10315
In base 7, what is 33 + 306325?
306361
In base 7, what is 40 + 363?
433
In base 11, what is 35087 + 5?
35091
In base 12, what is -381 - -1347?
b86
In base 9, what is 4361203 + -5?
4361187
In base 7, what is -14 + -111513?
-111530
In base 9, what is -263353 + -3?
-263356
In base 8, what is -327060 + -35?
-327115
In base 16, what is -1e - 308?
-326
In base 10, what is -536 + 29?
-507
In base 2, what is -111 - -10010111010110111?
10010111010110000
In base 2, what is 1101001011000111 + -101?
1101001011000010
In base 9, what is 208 - -25?
234
In base 16, what is 1 - 14ee?
-14ed
In base 15, what is 3 - a6e63?
-a6e60
In base 13, what is 7b + -28b?
-210
In base 5, what is 11130 - -11034?
22214
In base 2, what is -10010010110000 + -1101?
-10010010111101
In base 2, what is 101001100101 - 10110001?
100110110100
In base 9, what is -148 + 2837?
2678
In base 2, what is 10011100 + 111?
10100011
In base 2, what is 100 + -1111111101010001?
-1111111101001101
In base 11, what is -1051 - 66?
-1107
In base 16, what is 2509 + 0?
2509
In base 14, what is 51a - 43?
4b7
In base 14, what is 6b2 - 122?
590
In base 8, what is 535235 + 40?
535275
In base 11, what is -425 + 1?
-424
In base 14, what is -2cd + -1d46?
-2235
In base 3, what is 12 + -1210210101?
-1210210012
In base 14, what is 6 + 4096b?
40973
In base 8, what is -2346107 - 2?
-2346111
In base 5, what is -102311422 + 2?
-102311420
In base 2, what is -11 - 110110011101?
-110110100000
In base 16, what is 2 + -1188?
-1186
In base 5, what is -213041 - 0?
-213041
In base 16, what is 221b - 9?
2212
In base 11, what is 5a + -586?
-527
In base 5, what is 1 + 44231203?
44231204
In base 9, what is 8 - -21464?
21473
In base 5, what is 441020 - 3?
441012
In base 3, what is -102012 - -101?
-101211
In base 11, what is -57a - 12?
-591
In base 12, what is -1003 + -1?
-1004
In base 10, what is -615 + -13?
-628
In base 7, what is -5 + 21455150?
21455142
In base 10, what is 117 + 24729?
24846
In base 14, what is 1b79 + d?
1b88
In base 10, what is -16 + 3336?
3320
In base 4, what is 3 + -1110112222?
-1110112213
In base 8, what is -14335061 - 5?
-14335066
In base 10, what is -3336 - 16?
-3352
In base 8, what is 346637 + 36?
346675
In base 15, what is 160 - -272?
3d2
In base 16, what is 26 + -220f?
-21e9
In base 12, what is -16 + 6714?
66ba
In base 4, what is -10311023 - -131?
-10310232
In base 12, what is 945 - 159?
7a8
In base 13, what is 1681 + 57?
1708
In base 8, what is 17255 + -31?
17224
In base 5, what is 4 + -11242?
-11233
In base 3, what is 211020 + 212211?
1201001
In base 16, what is -4 - -58a8?
58a4
In base 14, what is -9 - -c8483?
c8478
In base 14, what is -a167 - -55?
-a112
In base 13, what is -1 + 45472?
45471
In base 15, what is -3 + 44c3?
44c0
In base 